alculate d(-4).
6
Let s(o) = 8525*o - 21. What is s(0)?
-21
Let k(g) = g**3 - 22*g**2 - 4*g - 15. Calculate k(22).
-103
Let i(z) = 42*z**2 + 11*z + 1. What is i(-1)?
32
Let b(t) = t**3 - 166*t - 645. What is b(-4)?
-45
Let j(k) = k**3 - 68*k**2 + 119*k + 866. What is j(66)?
8
Let b(p) = 106*p + 107. Give b(-1).
1
Let p(w) = -18*w**2 - 210*w + 4. What is p(-11)?
136
Let w(u) = -2*u**3 + 38*u**2 - 97*u - 6. Give w(16).
-22
Let y(w) = w**3 - 12*w**2 - 2*w + 35. Determine y(11).
-108
Let r(a) = 59*a + 51. Determine r(0).
51
Let m(w) = -w**3 + 24*w**2 - 25*w - 255. What is m(23)?
-301
Let f(g) = 16*g**2 - 523*g - 181. What is f(33)?
-16
Let n(o) = -o**2 - 54*o - 679. Calculate n(-33).
14
Let f(p) = -p**3 - 7*p**2 + 12*p - 11. Give f(-6).
-119
Let u(r) = r**3 - 46*r**2 + 94*r - 8. What is u(44)?
256
Let w(k) = 10*k**2 - 155*k - 3. What is w(17)?
252
Let h(l) = -48*l + 2228. Determine h(46).
20
Let c(r) = -r**3 - 3*r**2 + 10*r - 6. Give c(-5).
-6
Let m(a) = -6*a**2 - 138*a - 569. Calculate m(-4).
-113
Let u(n) = n**2 + 15*n - 12. What is u(-16)?
4
Let j(o) = 11*o - 10. Determine j(-25).
-285
Let l(m) = 2*m**2 + 22*m + 104. Determine l(0).
104
Let n(r) = -11*r**2 + 67*r - 19. What is n(6)?
-13
Let d(g) = 5*g**2 - 84*g - 23. What is d(17)?
-6
Let j(x) = x**3 + 3*x**2 + 11*x + 2. Determine j(-4).
-58
Let j(d) = -387*d - 771. Give j(-2).
3
Let n(x) = 21*x**2 - 21*x + 31. Determine n(4).
283
Let w(q) = -q**2 - 80*q + 2884. Calculate w(27).
-5
Let z(r) = r**2 - 15*r - 10. Give z(11).
-54
Let j(f) = -8*f**2 - 635*f - 2628. What is j(-75)?
-3
Let o(a) = -6*a**2 - 582*a - 8175. Determine o(-17).
-15
Let a(r) = r**2 + 61*r + 864. Determine a(-37).
-24
Let o(m) = -2*m**3 - 5*m**2 + 15*m + 43. Calculate o(-3).
7
Let z(l) = 2*l**3 + 162*l**2 + 899*l + 32. What is z(-75)?
107
Let v(w) = w**3 - 49*w**2 - 210*w - 39. Give v(53).
67
Let r(m) = 151*m + 8919. Give r(-59).
10
Let m(v) = -106*v - 1972. Calculate m(-20).
148
Let i(l) = l**3 - 113*l**2 - 109*l - 616. Calculate i(114).
-46
Let v(f) = 22*f + 64. Give v(8).
240
Let r(k) = 8916*k + 8909. What is r(-1)?
-7
Let p(b) = 3*b**3 + 45*b**2 + 93*b + 1388. Give p(-15).
-7
Let z(l) = l**3 + 3*l**2 + 25*l - 75. Calculate z(6).
399
Let q(h) = 103*h + 929. Calculate q(-9).
2
Let k(z) = -2*z**2 - 32*z + 65. Give k(-18).
-7
Let m(o) = 470*o - 3305. Give m(7).
-15
Let z(i) = -i**3 - 19*i**2 - 17*i - 37. Determine z(-18).
-55
Let g(h) = -5*h**3 + 2*h**2 + 15*h - 31. What is g(2)?
-33
Let n(k) = -132*k - 2555. Determine n(-19).
-47
Let t(k) = -67*k + 247. Determine t(5).
-88
Let a(n) = n**3 + 14*n**2 - 76*n - 419. Determine a(-17).
6
Let k(s) = s**3 + 16*s**2 - 24*s - 408. Give k(-16).
-24
Let q(f) = 36*f**2 - 118*f - 462. What is q(-4)?
586
Let d(u) = -353*u + 2469. Give d(7).
-2
Let f(b) = 30*b - 425. Give f(14).
-5
Let r(y) = -26*y - 102. What is r(-4)?
2
Let h(t) = -6*t**2 - 8*t + 34. Determine h(3).
-44
Let h(c) = -11*c**2 + 117*c - 3. Give h(10).
67
Let h(l) = -9*l + 26. Determine h(-32).
314
Let m(n) = -2*n**3 + 29*n**2 - 34*n + 282. Determine m(14).
2
Let s(x) = -46*x**2 - 289*x - 79. What is s(-6)?
-1
Let i(z) = 2*z**2 - 20*z - 69. Calculate i(13).
9
Let v(b) = -3*b**2 - 38*b - 73. Give v(-7).
46
Let b(x) = 45*x - 152. Give b(3).
-17
Let x(u) = -u**2 - 23*u - 77. Give x(-20).
-17
Let r(u) = -961*u - 3840. What is r(-4)?
4
Let k(p) = -2791*p. Give k(0).
0
Let a(o) = 9*o**2 + 146*o + 163. Determine a(-15).
-2
Let l(m) = -117*m - 5739. Determine l(-49).
-6
Let o(v) = v**3 + 18*v**2 - 11*v - 563. Calculate o(-16).
125
Let n(g) = 85*g + 1856. Give n(-21).
71
Let t(v) = 58*v**2 + 12*v + 10. Give t(-4).
890
Let d(m) = 216*m + 2404. Give d(-11).
28
Let s(i) = i**3 + 19*i**2 - 35*i - 33. What is s(-22)?
-715
Let h(a) = -572*a + 5048. Determine h(9).
-100
Let r(p) = -381*p + 23614. Determine r(62).
-8
Let o(b) = -7*b + 316. Calculate o(22).
162
Let d(f) = 234*f - 7720. Give d(33).
2
Let h(n) = 4*n - 13. Give h(-5).
-33
Let h(y) = y**3 + 26*y**2 + 53*y + 115. Determine h(-24).
-5
Let q(x) = 6*x**2 - 368*x + 2111. Determine q(55).
21
Let q(k) = -620*k - 1849. What is q(-3)?
11
Let s(c) = -3*c**2 + 161*c + 1552. Calculate s(62).
2
Let f(x) = -2*x**3 - 12*x**2 - 4*x - 8. Calculate f(-6).
16
Let x(d) = d**3 - 31*d**2 - 8*d + 1135. What is x(30)?
-5
Let u(n) = -n**3 - 19*n**2 + 13*n + 24. What is u(-19)?
-223
Let y(p) = -62*p - 381. Determine y(-6).
-9
Let h(u) = -9514*u - 66603. Determine h(-7).
-5
Let t(r) = -r**3 - r**2 + r + 4. Calculate t(0).
4
Let p(w) = w**2 + 90*w - 4695. Determine p(37).
4
Let v(l) = 136*l - 4692. What is v(36)?
204
Let k(i) = -i**2 - 13*i + 4130. Determine k(-71).
12
Let y(x) = 7*x**2 - 197*x + 98. Give y(28).
70
Let a(n) = -25*n**2 - 248*n + 9. Determine a(-10).
-11
Let b(t) = t**3 - 6*t**2 + 9*t - 11. What is b(5)?
9
Let r(v) = 2*v**3 + 61*v**2 + 165*v - 636. Determine r(-27).
12
Let l(r) = 5219*r + 21. Calculate l(0).
21
Let g(n) = -n**2 - 80*n - 1494. Determine g(-30).
6
Let z(v) = -4*v**2 + 36*v + 5. What is z(5)?
85
Let c(f) = f**3 - 8*f + 52. What is c(0)?
52
Let s(z) = -z**3 - 68*z**2 + 62*z - 497. Give s(-69).
-14
Let v(z) = 50*z + 5912. Give v(-118).
12
Let b(k) = -k**2 + 77*k - 98. Calculate b(69).
454
Let v(j) = -1454*j + 4338. Give v(3).
-24
Let v(m) = m**3 - m**2 - 17*m - 18. Determine v(5).
-3
Let h(o) = 698*o + 6260. Give h(-9).
-22
Let k(u) = -u**3 - 13*u**2 + 1426*u + 19762. Give k(-14).
-6
Let w(i) = -i**3 - 14*i**2 - 25*i - 58. Determine w(-13).
98
Let f(k) = -k**3 - 7*k**2 + 4*k + 38. What is f(-5)?
-32
Let m(s) = s**2 + 19*s - 36. What is m(-8)?
-124
Let g(b) = 479*b + 16760. What is g(-35)?
-5
Let b(s) = -4*s - 153. What is b(-26)?
-49
Let y(b) = -62*b**2 - 715*b + 329. What is y(-12)?
-19
Let z(r) = -10*r**2 - 53*r - 18. Give z(-8).
-234
Let w(i) = 25*i + 812. Determine w(-36).
-88
Let t(s) = s**3 - 23*s**2 - 132*s - 10. Give t(-5).
-50
Let i(m) = 70*m**2 - 349*m + 5. Determine i(5).
10
Let c(t) = 2*t**2 - 75*t + 94. Calculate c(36).
-14
Let g(c) = 5*c**2 - 7*c + 106. What is g(10)?
536
Let p(f) = 9*f + 174. Give p(-19).
3
Let i(p) = 79*p - 1328. Give i(14).
-222
Let h(a) = 1577*a + 9419. Calculate h(-6).
-43
Let m(n) = -n**2 - 53*n + 110. Determine m(2).
0
Let p(y) = -y**2 - 201*y + 8833. Give p(-238).
27
Let s(o) = 5*o - 19. What is s(20)?
81
Let i(k) = k**2 + 379*k + 5482. What is i(-15)?
22
Let c(k) = k**2 + 45*k - 374. What is c(-52)?
-10
Let p(b) = 5*b**3 + 121*b**2 + 141*b - 28. Determine p(-23).
-97
Let u(i) = -25*i - 231. What is u(-6)?
-81
Let a(y) = 49*y**3 - 18*y - 21. Give a(-1).
-52
Let f(t) = 36*t**2 + 474*t + 78. What is f(-13)?
0
Let p(c) = -2*c**3 - 152*c**2 - 290*c + 436. Determine p(-74).
-8
Let h(w) = -w**3 - 16*w**2 - 13*w + 32. Calculate h(-15).
2
Let a(m) = m**2 + 58*m + 479. Give a(-48).
-1
Let y(q) = 3*q**2 - 71*q - 215. Determine y(-3).
25
Let j(y) = -y**3 - 21*y**2 - 44*y - 501. Give j(-20).
-21
Let q(s) = s**2 + 57*s + 141. What is q(-55)?
31
Let h(o) = -o**3 - 29*o**2 - 153*o - 3. Determine h(-11).
-498
Let a(p) = -39*p + 81. Calculate a(-1).
120
Let l(h) = -h**2 - h + 620. Determine l(-25).
20
Let t(w) = -2*w**3 + 33*w**2 - 32*w - 298. Calculate t(15).
-103
Let h(q) = 6*q + 316. Calculate h(6).
352
Let p(z) = 2*z**3 + 52*z**2 + 49*z - 48. Give p(-25).
-23
Let y(r) = r**3 - 22*r**2 - 15*r - 173. Give y(23).
11
Let h(x) = 48*x + 2163. What is h(-46)?
-45
Let u(c) = 5*c - 150. Determine u(26).
-20
Let x(i) = i**2 + 3*i - 115. What is x(-13)?
15
Let y(q) = -q + 35. What is y(0)?
35
Let h(c) = -c**2 - 36*c + 1143. What is h(20)?
23
Let f(c) = 52*c - 558. Give f(16).
274
Let p(v) = v**2 + 5*v - 4145. Give p(-67).
9
Let q(w) = -182*w**2 + 191*w + 2. Give q(1).
11
Let v(z) = -z**3 - 9*z**2 - 237*z - 1302. Determine v(-6).
12
Let m(d) = -d**3 + 13*d**2 - 76*d + 985. Give m(13).
-3
Let x(s) = s**2 - 632*s + 41779. Calculate x(75).
4
Let g(h) = 2*h**3 + 17*h**2 + 11*h - 103. Calculate g(-7).
-33
Let b(c) = 8*c + 461. Determine b(15).
581
Let k(z) = z**2 - 169*z + 5871. Calculate k(49).
-9
Let q(i) = -222*i - 997. Give q(-5).
113
Let s(a) = -a**3 + 50*a**2 - 517*a + 279. What is s(36)?
-189
Let n(i) = 133*i - 2252. Calculate n(17).
9
Let o(t) = -t**2 - 289*t - 1423. Determine o(-5).
-3
Let i(m) = m**3 - 11*m**2 - 39*m + 34. Determine i(12).
-290
Let b(x) = 83*x